 number?
True
Is 4398063107 prime?
True
Is 2413610149 a prime number?
False
Is 18441386267 prime?
False
Is 31644704447 a composite number?
False
Is 343017641 a prime number?
False
Is 5970999647 composite?
False
Is 1779964373 a composite number?
True
Is 1168322383 a composite number?
True
Is 5471858741 a prime number?
False
Is 1867167391 a composite number?
False
Is 659384071 a composite number?
True
Is 512823455 composite?
True
Is 61044127 prime?
False
Is 327052037 composite?
True
Is 1759246327 a composite number?
True
Is 55371023717 prime?
False
Is 19333035962 a prime number?
False
Is 7076811997 prime?
False
Is 9152588147 composite?
True
Is 11557770487 prime?
True
Is 109134366253 prime?
False
Is 568363037 a composite number?
True
Is 6022738201 a composite number?
False
Is 884707063 a composite number?
True
Is 5025356074 a prime number?
False
Is 2108155381 composite?
True
Is 16984294809 prime?
False
Is 49851188521 a prime number?
True
Is 1665034171 composite?
False
Is 3341019053 prime?
True
Is 1583487583 a composite number?
True
Is 4841573081 prime?
True
Is 50122335449 a prime number?
False
Is 296445731 a composite number?
True
Is 7929785263 prime?
True
Is 130895016827 prime?
True
Is 9365769577 a prime number?
True
Is 214891419095 prime?
False
Is 4041568738 composite?
True
Is 29184697967 a composite number?
True
Is 462294023 a composite number?
True
Is 1832729 a composite number?
True
Is 38731789169 composite?
True
Is 2161464911 composite?
True
Is 133876943 a prime number?
False
Is 2450469863 a composite number?
True
Is 38207951 a composite number?
True
Is 3925116823 a prime number?
True
Is 32960798527 prime?
False
Is 567938531 prime?
True
Is 64319837873 prime?
True
Is 69509047369 composite?
True
Is 1326271043 composite?
False
Is 54172373726 a prime number?
False
Is 3035808319 composite?
True
Is 2245239863 composite?
False
Is 280369069 a prime number?
True
Is 132822353 a composite number?
True
Is 887748139 composite?
False
Is 62171953 a composite number?
True
Is 1946204354 composite?
True
Is 977315317 prime?
False
Is 2332896301 a composite number?
False
Is 1110846313 a prime number?
True
Is 16643124653 composite?
True
Is 4566185909 a composite number?
False
Is 111162132733 prime?
False
Is 7313293403 a composite number?
True
Is 565357511 a composite number?
False
Is 10151620289 a prime number?
False
Is 766862227 prime?
True
Is 305973298 a composite number?
True
Is 1160465881 a prime number?
True
Is 8022643 composite?
True
Is 1705476911 a prime number?
False
Is 18068784691 composite?
False
Is 117821544913 composite?
True
Is 3813019589 a prime number?
True
Is 12676070731 a composite number?
False
Is 2741754113 prime?
False
Is 23417488582 composite?
True
Is 561740723 a prime number?
True
Is 3705894719 prime?
False
Is 23530796579 a composite number?
False
Is 14779864303 a prime number?
True
Is 64806187855 composite?
True
Is 40375939501 a prime number?
True
Is 447805531 composite?
True
Is 510529423 composite?
True
Is 84631147477 composite?
True
Is 1534383601 a composite number?
False
Is 21823375961 a prime number?
True
Is 13294258697 a composite number?
False
Is 48764965621 prime?
True
Is 25807758637 a composite number?
True
Is 816464381 prime?
True
Is 15838704149 prime?
False
Is 600254558 a composite number?
True
Is 339374209 a prime number?
True
Is 74434169 a composite number?
False
Is 351986592899 a prime number?
True
Is 2530963811 a composite number?
False
Is 973171753 a prime number?
False
Is 57779132077 composite?
True
Is 28056788579 a prime number?
False
Is 5962154839 a composite number?
False
Is 627077749 a composite number?
False
Is 10751463703 composite?
False
Is 351616481 a composite number?
False
Is 1354822162 a prime number?
False
Is 1741060031 composite?
False
Is 2375015629 a composite number?
True
Is 3059778037 a prime number?
True
Is 2598341905 prime?
False
Is 300923453 a prime number?
False
Is 103828786331 composite?
False
Is 799290823 a composite number?
False
Is 9560930089 composite?
False
Is 3936789889 a composite number?
True
Is 415225097 prime?
False
Is 660252023 a prime number?
True
Is 18399091103 composite?
False
Is 894325601 a composite number?
True
Is 2288114641 a prime number?
True
Is 97639425799 composite?
False
Is 9875505811 composite?
False
Is 15410941817 a prime number?
False
Is 2859702193 prime?
False
Is 2373009459 composite?
True
Is 43167924329 a composite number?
False
Is 57700543 composite?
False
Is 39592202987 a composite number?
True
Is 995171627 a composite number?
True
Is 198097869565 a composite number?
True
Is 13918824377 a prime number?
True
Is 10285756363 a composite number?
True
Is 59577264137 a composite number?
False
Is 38683944089 composite?
True
Is 1021476949 a composite number?
False
Is 62551967 composite?
False
Is 3327182241 composite?
True
Is 563713639 composite?
False
Is 272644397 a composite number?
False
Is 35529344023 a composite number?
False
Is 111578927 a prime number?
True
Is 4140612883 composite?
True
Is 3932737421 composite?
False
Is 28453253177 prime?
False
Is 181610753 a prime number?
False
Is 2456150347 a prime number?
False
Is 180413567 a prime number?
False
Is 4255445917 composite?
False
Is 5875249613 a composite number?
True
Is 9977432581 a prime number?
True
Is 836490449 prime?
False
Is 905730169 a prime number?
True
Is 1471626853 a prime number?
True
Is 647042443 a composite number?
True
Is 8879510267 composite?
False
Is 6984318895 composite?
True
Is 15291804289 a prime number?
True
Is 5091981199 a prime number?
False
Is 2775436383 prime?
False
Is 943688023 a composite number?
False
Is 3359467709 a prime number?
False
Is 419402445401 prime?
False
Is 68313542473 a prime number?
False
Is 3064206851 composite?
True
Is 7952488367 prime?
False
Is 721186979 prime?
True
Is 1694921117 a composite number?
False
Is 12958964987 composite?
True
Is 200962954249 a prime number?
False
Is 939418459 composite?
True
Is 4509740401 a composite number?
False
Is 34440015089 composite?
False
Is 10445974307 a composite number?
False
Is 5045496271 prime?
False
Is 14384962237 prime?
True
Is 710648201 a composite number?
True
Is 4401139 a composite number?
True
Is 4164015781 composite?
False
Is 9466478873 composite?
True
Is 1048082857 a prime number?
True
Is 57705015749 composite?
False
Is 9731980711 composite?
False
Is 3405223337 composite?
False
Is 9732937219 composite?
False
Is 803783663 a composite number?
False
Is 8101297318 composite?
True
Is 599997381 prime?
False
Is 643472509 composite?
False
Is 1953453157 a composite number?
False
Is 582050977 prime?
False
Is 4281103507 a composite number?
False
Is 737887259 composite?
False
Is 1526325797 a prime number?
True
Is 24843464851 composite?
True
Is 302092337 prime?
True
Is 438663007 a composite number?
True
Is 29870804741 prime?
True
Is 782605211 composite?
False
Is 15778202491 composite?
True
Is 269604918343 a composite number?
True
Is 14286856009 composite?
True
Is 3626311541 composite?
False
Is 713662207 prime?
True
Is 41489719 a composite number?
False
Is 15607408627 a prime number?
True
Is 774539969 prime?
False
Is 163539127 a composite number?
True
Is 6296846383 a prime number?
True
Is 12492880529 prime?
False
Is 19565406031 a composite number?
False
Is 19342024781 a prime number?
True
Is 2743486861 a prime number?
False
Is 513464317 a composite number?
True
Is 23488059709 a composite number?
True
Is 426296207 prime?
True
Is 2075365037 prime?
False
Is 52903396289 a prime number?
True
Is 34336880867 a composite number?
False
Is 25969733497 a composite number?
False
Is 37695514393 a prime number?
True
Is 13304291711 a prime number?
True
Is 28397950741 a prime number?
False
Is 25121426441 a composite number?
True
Is 1592558467 a prime number?
True
Is 123682283 prime?
True
Is 8485854659 a composite number?
True
Is 4349447 a composite number?
True
Is 56726477 a prime number?
True
Is 2168091077 composite?
False
Is 516810617 prime?
False
Is 3733485473 a composite number?
False
Is 23944355353 a composite number?
True
Is 3627902897 a prime number?
False
Is 4980832307 a prime number?
False
Is 512535689 prime?
True
Is 383998369 a prime number?
True
Is 108933925909 prime?
True
Is 5642936209 prime?
True
Is 1743379843 prime?
False
Is 17062064651 a prime numb